-3
What is 48 + (38 - -1) + -94?
-7
What is -48 + 102 + -51 + 0 + -4 + -7 + 8?
0
Calculate 65 - ((127 - 62) + 21).
-21
What is (0 - 60) + 421 + -346?
15
271 + -269 + 4 + 23 + 2
31
Evaluate (-10 - (16 - 18)) + 1 + 12 - -43.
48
What is the value of (-22 + 16 - 15) + 48 + -21?
6
Calculate (-6 + -5 - 2) + 39 + 118 + -48.
96
What is the value of (-1 + 6 - 26) + (-72 - -58)?
-35
Calculate 16 - ((7 + -17 - 5) + (-68 - -76)).
23
6 - 67 - (-2 - 0) - (47 + -213 - -179)
-72
-4 - (-1 + 6 + -17) - (1 - 50)
57
107 + (126 - 200) - 57
-24
Evaluate (1 - (-4 - 0) - -56) + (2 - 2) + 8.
69
(20 - 1 - (-17 + 23 + -3)) + -7 - -8
17
What is 36 + -7 - (18 - (-6 + 11))?
16
Calculate -2 - 29 - (3232 - 3289).
26
Calculate 8 + ((3 - 11) + 46 + -34 - 9).
3
-21 - (37 - 0 - (335 - 234))
43
-28 + 81 - (-5 + 15 + 1) - (5 - 0)
37
(-5 - -19) + -2 + -114 - ((-6 - -18) + -27)
-87
Evaluate -13 - (-12 + 11 + (3 - -17)).
-32
What is 95 + (10 + -20 - (2 - -17))?
66
What is the value of 0 + -8 - (-7 + 9) - (611 - 616)?
-5
Calculate -14 + (-5 - (-3 + 27 + -54)).
11
137 - 49 - 51 - 60
-23
1 + (-10 - 0) - (-71 + (22 - -32) - -54)
-46
-18 - -2 - -2 - (19 + 48 - 78)
-3
Calculate -49 + 6 + 6 + 10 + (5 - 12).
-34
What is 6 + -5 + -43 + 37 + (3 - 54)?
-56
(17 - (-21 + 40) - 4) + -40
-46
What is -24 + (10 - (-24 + 39)) + -28?
-57
Evaluate -25 + 15 + 30 + 8 + 18.
46
(25 + 5 - 12) + -22 - (1 + 1)
-6
What is -109 + (346 - (62 - -73))?
102
What is the value of -3 + 19 + -4 + 1 + (2 - 8 - -8)?
15
Evaluate -17 - (23 + -43 - (-11 - 9)).
-17
What is the value of -2 + -2 + 15 - (-47 + 107 + -29)?
-20
What is the value of -4 - 40 - (15 - -1 - (-33 + (-22 - -68)))?
-47
Calculate 49 - (-18 - -148) - ((7 - 5) + 2 + -3).
-82
70 - (59 + -133 + 70)
74
What is (-20 - -25 - 28) + -4?
-27
Evaluate -9 + ((-37 - -19) + 8 - 23).
-42
Calculate -39 + (-19 - -42) + (-7 - 1).
-24
Calculate (1 - (0 - -42)) + -1450 + 1445.
-46
What is (1 + 1 - -8) + (-69 - (-122 - -71))?
-8
Evaluate -18 + 11 - ((-26 - -21) + 2 + 5 + 3).
-12
-2 - (-38 + 1) - (18 + 1 + (-26 - -6))
36
What is (0 - -8) + 32 + (-5 + 3 - (6 - 11))?
43
Calculate (28 - -8) + -23 + -38 - (-3 + 0).
-22
What is the value of (12 - 18) + -119 + (-3 - -21) - 7?
-114
-294 - (53 - 85 - 118)
-144
-1 - 11 - (20 + -97 + 90)
-25
Calculate (-1 - 0 - 4) + -18 + (16 - (-35 + 84)).
-56
What is the value of (-53 - (-29 + -59 + 52)) + 13 + -1?
-5
Evaluate 1 + -3 - (-39 + -3) - (-1765 + 1766).
39
Evaluate -2 - (20 + -8 + -7 + -2 + 2 + -36).
29
What is 12 + (46 - 71) + -7 + 26?
6
What is the value of 284 + -279 - (21 - (5 + -4))?
-15
What is 46 + (-33 + 24 + 2 + -9 - -6) - -4?
40
-13 - (-6 + -60) - 92
-39
-3853 + 3851 + -2 + 22 + -2 + 2
18
Calculate -4 + (28 - 23 - -50) - -25.
76
Evaluate 31 + (-7 - (20 - (39 - 22))).
21
Evaluate 223 + (-163 - -27) - 92.
-5
72 - (18 - (-14 - -26) - (-12 + 20)) - 3
71
-12 - ((5 - -44) + -42)
-19
What is (-32 - (-6 + (-21 - -14))) + -2?
-21
-40 - (-8 - 4) - (8 - -4 - 25)
-15
Evaluate 23 - (-59 + (46 - 14) + -9).
59
(-6 - 0) + -9 + 4 + 370 + -433
-74
Evaluate (128 + -110 - (9 - (-2 + -2))) + 37.
42
Calculate -9 + -1 + -10 + -68 + 3 + (0 - -4).
-81
-18 - (-32 - (-10 - 15)) - -1
-10
Evaluate -30 + 60 + -14 + -72 + -11.
-67
What is 0 + (-146 + 0 - 2) + 85 + (-57 - 27)?
-147
What is -4 + 1 + (-1 - 51) + (33 + -74 - -33)?
-63
What is the value of -56 + (-5 - -85) + -35?
-11
4 + -11 + 18 + -16 + 4 + -43 + 0
-44
Calculate -111 - (20 - (106 - 41)).
-66
Evaluate (-2124 - -2153) + -1 + -114 + 12.
-74
223 + 23 + -108 - 15
123
Evaluate 1648 - 1691 - (-12 + (3 - 2)).
-32
(-4 - 2 - (112 + -142)) + -76
-52
Calculate 13 + -2 - (-15 + -22 + -8 - -13).
43
What is the value of 22 - (-28 - -43 - -90)?
-83
1 - 14 - (73 - 33 - 36)
-17
What is the value of -8 + 16 + (7 - 18) - (19 - 53)?
31
Evaluate -9 - (2 - ((17 - 13) + (3 - 10 - -5))).
-9
Evaluate 2 + -8 - (-89 + (-1 - -21) + -39).
102
Evaluate -5 + -24 + 2 + 8 + 7 + 15.
3
Calculate 17 - -22 - ((4 - 10) + 28 + -29).
46
What is 30 + 19 + -7 + (22 - 64)?
0
What is the value of 432 + -892 - -445 - (-1 + -12 - 0)?
-2
What is 8 + 0 + 1 + -204 + 213 + -7?
11
Evaluate 62 - (-124 - (-185 + 20)).
21
What is the value of (123 - (152 - 46)) + (0 - 59)?
-42
Evaluate (582 - 576) + -4 + 6 + 17 + 3 + -2.
26
What is the value of (1 - 8) + (-37 + 52 - -15) + 13?
36
Calculate -2 + -2 + -34 + 990 + -965.
-13
7 - (-8 - -101) - (137 + -159)
-64
Calculate 45302 + -45317 + (25 - (0 + 0)).
10
Evaluate ((57 - 0) + 32 - (-2 - 10)) + 9 + -6.
104
What is 3 + -15 + -21 + -15?
-48
Evaluate -23 - -4 - (-39 - -52 - (137 + 1)).
106
(4 - 2) + 3 + (122 - 122) + 28
33
Calculate 20 - (1 - -26 - 6) - -63.
62
Calculate -12023 + 11984 + (1 - -164).
126
Evaluate (2 + -2 - 0) + -13 + (-10 - 38).
-61
51 - 47 - 16 - -39
27
What is -8 - 81 - (-76 - (74 - 124))?
-63
Evaluate -14 - ((-6 - (-20 + 24)) + -8).
4
What is 5 + (41 - (-21 + 9)) + (12 + 7 - 8)?
69
Evaluate 31 - (2 - -3) - 12 - (-22 - -5).
31
What is the value of (-177 + 238 - (-1 + 3)) + -7?
52
-637 + 652 - (1 + -1) - -2
17
Evaluate (-1 - -35) + (55 + -26 - 19).
44
29 - (20 + (-5 - 86)) - (-2 + (-1 - -1))
102
Calculate 80 - ((-43 - -55) + 38).
30
Evaluate -4 - (-31 + (27 - 9)) - (1 - 3).
11
What is 117 + 1 + (-7381 - -7351)?
88
What is the value of -23 - ((-30 - (5 + 1)) + 4) - (-1 - 11)?
21
What is the value of 10 + -5 - -3 - (67 - (32 + -18))?
-45
(-1 - -5) + 13 - (-63 - 27 - -20)
87
Calculate (1 - -2) + (-25 + 9 - -17) + 0 - 61.
-57
Evaluate -11 + (0 - 28) - -12 - 73.
-100
(36 - 51 - 63) + 52
-26
232 + 8 + -96 + -22
122
Evaluate (-1 - 8) + (39 - 27).
3
Evaluate -22 - (-123 - (19 - 50) - -9).
61
What is the value of -36 + (-76 - -21 - -51)?
-40
Calculate 4 - (-3 - ((14 + -6 - 4) + -17)).
-6
What is (4 - -1) + (30 - (13 + 21))?
1
What is the value of -35 + (-145 + 88 - -70)?
-22
What is (2 - 29 - (9 - (-13 - -13))) + 9?
-27
What is -17 + -53 - (-266 - -105)?
91
What is 80 + 6 + (-19 - 35)?
32
Evaluate -27 + 12 + -12 + ((0 - 4) + 1 - -1).
-29
Calculate -1 + -16 + -12 + 14 - (-8 - -71).
-78
Evaluate 94 + (-178 - -104) + 66.
86
What is the value of 20 + 18 + -7 + -18 + 10 + 5?
28
(-16 + 2 - -36) + 1 + 6
29
Calculate 27 + (-53 - -35) + (-10 + 17 - 76).
-60
What is 12 - (15 - (-7 + 18 + -27))?
-19
(-221 - -124) + 57 + 27
-13
Evaluate (42 + -28 - 63) + 31 + -25.
-43
What is the value of 38 + -1 + -7 + (10 - 0) + -5 - -7?
42
What is the value of -37 + 109 + -68 + 66?
70
What is the value of -1 + (3 - 2 - -2 - (17 + (4 - 12)))?
-7
Calculate -393 + 360 + 69 + (8 - 1).
43
What is the value of (-13 - (10 - (-3 + 35))) + -57?
-48
What is the value of 185 + -76 + -113 + (-2 - 18)?
-24
What is (5 - -7 - (-10 + 151 + -9 + 10)) + 6?
-124
Calculate 265 - 297 - (-24 + 3 + 2) - -40.
27
Calculate (7 - -6) + -25 + 26 + 0 + -17.
-3
What is the value of -52 + 241 + (-23 - 73)?
93
3 - -49 - (-23 - -5 - (13 + (-66 - -36)))
53
(42 + 54 - 140) + 4
-40
Evaluate -30 - (0 + 1) - (72 + (-442 - -372)).
-33
What is the value of -1 - (-68 - -41) - (1 + -2)?
27
What is the value of (-59 - 43) + (-4 + 24 - 22)?
-104
Calculate (1 - -16) + (42 - (47 - -13)).
-1
What is the value of 3 + -1 + 10 + (20 - 7 - -14)?
39
What is the value of 3 - (((15 - 25) + 51 + 0 - -9) + 0)?
-47
What is the value of -40 - (50 - 44 - 4)?
-42
Evaluate -15 - (9 + (-154 - -113 - (8 + -1))).
24
2 - 6 - ((52 - 112) + 61)
-5
What is the value of -13 - (-91 - (-9 + -5)) - (1 + -1 + 11)?
53
What is 62 + -126 + (42 - -72)?
50
Evaluate (10 - 60) + (-47 - -80).
-17
Calculate 89 + (69 + -95 - -36).
99
What is 28 - (-29 + (1 - -26))?
30
Evaluate (-1 + 22 - -8) + -42 + 85.
72
Calculate -20 + 34 + -20 + -28.
-34
What is the value of 25 + -10 + 3 - (28 - -15)?
-25
What is the value of (8 - -14) + (-38 - -11 - 52)?
-57
Evaluate 97 + (-121 + 90 - (-16 - 2)).
84
Calculate -13 - (24 - (-11 - (-10 - 7))).
-31
What is the value of 18 + 23 - (-94 + 95)?
40
Calculate -49 + 3 + (13 - (4 - -15) - 5).
-57
31 - 19 - (59 - (-13 + 12 + -11))
-59
What is the value of (-5 - (26 - 8)) + 52?
29
17 + 7 + -12 - (33 + 1 + -12)
-10
What is the value of (-36 - -45) + (19 - 3) + -20?
5
What is (-46 + -24 - -158) + -43?
45
Calculate (-3 - (-3 - -20)) + (529 - 482) + 1 + -15.
13
-274 + 229 + (21 - 1) + (-2 - 7)
-34
What is -6 - -2 - (-42 + 79)?
-41
Evaluate -6 - (5 + 9 + (-20 - (-33 - -12))).
-21
What i